




{"id":172,"date":"2019-08-14T19:35:50","date_gmt":"2019-08-14T22:35:50","guid":{"rendered":"http:\/\/curriculo-uerj.web278.uni5.net\/sitenovo\/?page_id=172"},"modified":"2019-08-29T11:33:22","modified_gmt":"2019-08-29T14:33:22","slug":"atividades","status":"publish","type":"page","link":"https:\/\/curriculo-uerj.pro.br\/en\/atividades\/","title":{"rendered":"Activities"},"content":{"rendered":"<ul class=\"lista noticias\"><a href=\"https:\/\/curriculo-uerj.pro.br\/en\/atividades\/daniel-friedrich-do-teachers-college-columbia-university\/\"><li><div class=\"thumb\" style=\"background-image: url(https:\/\/curriculo-uerj.pro.br\/wp-content\/uploads\/photo-2022-11-07-14-19-25-300x226.jpg);\"><\/div><h3>Daniel Friedrich do Teachers College, Columbia University<\/h3>Sorry, this entry is only available in Portugu\u00eas do Brasil. For the sake of viewer convenience, the content is shown below in the alternative language. You may click the link to switch the active language. &nbsp; O professor Daniel Friedrich do Teachers College, Columbia University, EUA, esteve presente entre os dias 4 e 11 de [&hellip;]<\/li><\/a><a href=\"https:\/\/curriculo-uerj.pro.br\/en\/atividades\/prof-antonio-borralho-no-proped-uerj\/\"><li><div class=\"thumb\" style=\"background-image: url(https:\/\/curriculo-uerj.pro.br\/wp-content\/uploads\/whatsapp-image-2022-10-17-at-09-02-03-2-225x300.jpeg);\"><\/div><h3>Prof Ant\u00f3nio Borralho no ProPEd Uerj<\/h3>Prof. Antonio Manuel \u00c1guas Borralho is Educational Assessment scholar of the Pedagogy and Education Department at Center for Research in Education and Psychology, University of \u00c9vora (Education). He was in Brazil from September 17 to 25, 2022, for activities associated with the Research Line \u201cDiscipline Matrix: subjects of knowledge and culture\u201d, at ProPEd\/Uerj. Prof. Borralho [&hellip;]<\/li><\/a><a href=\"https:\/\/curriculo-uerj.pro.br\/en\/atividades\/research-and-development-in-testing-national-and-international-in-mathematics-education\/\"><li><div class=\"thumb\" style=\"background-image: url(https:\/\/curriculo-uerj.pro.br\/wp-content\/uploads\/capa-2.png);\"><\/div><h3>RESEARCH AND DEVELOPMENT IN TESTING (NATIONAL AND INTERNATIONAL) IN MATHEMATICS EDUCATION<\/h3><\/li><\/a><a href=\"https:\/\/curriculo-uerj.pro.br\/en\/atividades\/missao-capes-print-porto-barcelona\/\"><li><div class=\"thumb\" style=\"background-image: url(https:\/\/curriculo-uerj.pro.br\/wp-content\/uploads\/img-20220913-wa0057-300x225.jpg);\"><\/div><h3>Capes PrInt Mission &#8211; Porto &#8211; Barcelona<\/h3>Prof. Alice Casimiro Lopes participated between September 5 and 16 in a Capes PrInt mission that included: research meeting with Prof. Jos\u00e9 Augusto Pacheco, at UMinho, Braga; research meeting with professors of Faculdade de Psicologia e Ci\u00eancias da Educa\u00e7\u00e3o da Universidade do Porto (Am\u00e9lia Lopes, Ant\u00f3nio Magalh\u00e3es, Carlinda Leite, F\u00e1tima Pereira, Isabel Menezes e Preciosa [&hellip;]<\/li><\/a><a href=\"https:\/\/curriculo-uerj.pro.br\/en\/atividades\/participacao-na-vi-iaacs-melbourne-university\/\"><li><div class=\"thumb\" style=\"background-image: url(https:\/\/curriculo-uerj.pro.br\/wp-content\/uploads\/IAACS-Melbourne-2018-2-300x200.jpg);\"><\/div><h3>The 6th IAACS Conference, Melbourne, Australia<\/h3>In December 2018, the researchers Alice Casimiro Lopes, Elizabeth Macedo and Rita Frangella participated in research exchanges in\u00a0the 6th IAACS at the University of Melbourne, Australia. In this opportunity, in addition to establishing partnerships with the Australian and North American researchers present at the conference &#8211; notably Bill Green, University of Melbourne, and Janet Miller, [&hellip;]<\/li><\/a><a href=\"https:\/\/curriculo-uerj.pro.br\/en\/atividades\/prof-jason-glynos-universidade-de-essex-professor-visitante-no-brasil\/\"><li><div class=\"thumb\" style=\"background-image: url(https:\/\/curriculo-uerj.pro.br\/wp-content\/uploads\/whatsapp-image-2019-08-29-at-19-55-56-225x300.jpeg);\"><\/div><h3>Prof. Jason Glynos, University of Essex, visiting scholar in Brazil, Capes PrInt ProPEd Uerj<\/h3>Prof. Jason Glynos, scholar of the Theory of discourse at the Department of Government of the University of Essex, was in Brazil between August 22nd and September 7, 2019, for activities at ProPEd\/UERJ, along the line of research Curriculum: actors, knowledge and culture. Prof. Jason lectured and attended meetings with the researchers of the line, [&hellip;]<\/li><\/a><a href=\"https:\/\/curriculo-uerj.pro.br\/en\/atividades\/missao-de-trabalho-inglaterra\/\"><li><div class=\"thumb\" style=\"background-image: url(https:\/\/curriculo-uerj.pro.br\/wp-content\/uploads\/Essex-England-2019-2-300x225.jpg);\"><\/div><h3>Conference in Ideology and Discourse Analysis-CIDA, University of Essex, UK &#8211; Capes PrInt ProPEd Uerj<\/h3>Brazilian researcher: Veronica Borges Foreign researchers involved: David Howarth and Jason Glynos Visited University: Department of Government, University of Essex, Colchester, England Period: May 29 to June 05, 2019 Activities: participation in the\u00a0Conference in Ideology and Discourse Analysis-CIDA\/University of Essex, UK Research Meeting<\/li><\/a><a href=\"https:\/\/curriculo-uerj.pro.br\/en\/atividades\/missao-de-trabalho-portugal\/\"><li><div class=\"thumb\" style=\"background-image: url(https:\/\/curriculo-uerj.pro.br\/wp-content\/uploads\/img_6256-300x225.jpg);\"><\/div><h3>University of Porto and University of Lisbon &#8211; Capes PrInt ProPEd Uerj<\/h3>Brazilian researcher: Veronica Borges Foreign researchers involved: Carlinda Leite University visited: University of Porto, Portugal Period: June 11 to 14, 2019 Activities: research meetings at the University of Porto and the University of Lisbon<\/li><\/a><a href=\"https:\/\/curriculo-uerj.pro.br\/en\/atividades\/missao-de-trabalho-irlanda\/\"><li><div class=\"thumb\" style=\"background-image: url(https:\/\/curriculo-uerj.pro.br\/wp-content\/uploads\/Evento-Irlanda-7-300x225.jpg);\"><\/div><h3>Maynooth University by Faperj and Capes PrInt ProPEd Uerj<\/h3>Brazilian researcher: Veronica Borges Brazilian researchers partners: Viviane Peixoto (UERJ) and Hugo Costa (UFMT) University: Maynooth University\/Ireland June 2019 &#8211; EuroACS Conference &#8211; Maynooth University\/Ireland &nbsp; ABOUT US &#8211; EuroACS<\/li><\/a><\/ul><div class=\"clear\"><\/div>\n","protected":false},"excerpt":{"rendered":"","protected":false},"author":1,"featured_media":0,"parent":0,"menu_order":0,"comment_status":"closed","ping_status":"closed","template":"","meta":{"footnotes":""},"class_list":["post-172","page","type-page","status-publish","hentry"],"_links":{"self":[{"href":"https:\/\/curriculo-uerj.pro.br\/en\/wp-json\/wp\/v2\/pages\/172","targetHints":{"allow":["GET"]}}],"collection":[{"href":"https:\/\/curriculo-uerj.pro.br\/en\/wp-json\/wp\/v2\/pages"}],"about":[{"href":"https:\/\/curriculo-uerj.pro.br\/en\/wp-json\/wp\/v2\/types\/page"}],"author":[{"embeddable":true,"href":"https:\/\/curriculo-uerj.pro.br\/en\/wp-json\/wp\/v2\/users\/1"}],"replies":[{"embeddable":true,"href":"https:\/\/curriculo-uerj.pro.br\/en\/wp-json\/wp\/v2\/comments?post=172"}],"version-history":[{"count":5,"href":"https:\/\/curriculo-uerj.pro.br\/en\/wp-json\/wp\/v2\/pages\/172\/revisions"}],"predecessor-version":[{"id":312,"href":"https:\/\/curriculo-uerj.pro.br\/en\/wp-json\/wp\/v2\/pages\/172\/revisions\/312"}],"wp:attachment":[{"href":"https:\/\/curriculo-uerj.pro.br\/en\/wp-json\/wp\/v2\/media?parent=172"}],"curies":[{"name":"wp","href":"https:\/\/api.w.org\/{rel}","templated":true}]}}

<ul class="lista noticias"><a href="https://curriculo-uerj.pro.br/en/atividades/daniel-friedrich-do-teachers-college-columbia-university/"><li><div class="thumb" style="background-image: url(https://curriculo-uerj.pro.br/wp-content/uploads/photo-2022-11-07-14-19-25-300x226.jpg);"></div><h3>Daniel Friedrich do Teachers College, Columbia University</h3>Sorry, this entry is only available in Português do Brasil. For the sake of viewer convenience, the content is shown below in the alternative language. You may click the link to switch the active language. &nbsp; O professor Daniel Friedrich do Teachers College, Columbia University, EUA, esteve presente entre os dias 4 e 11 de [&hellip;]</li></a><a href="https://curriculo-uerj.pro.br/en/atividades/prof-antonio-borralho-no-proped-uerj/"><li><div class="thumb" style="background-image: url(https://curriculo-uerj.pro.br/wp-content/uploads/whatsapp-image-2022-10-17-at-09-02-03-2-225x300.jpeg);"></div><h3>Prof António Borralho no ProPEd Uerj</h3>Prof. Antonio Manuel Águas Borralho is Educational Assessment scholar of the Pedagogy and Education Department at Center for Research in Education and Psychology, University of Évora (Education). He was in Brazil from September 17 to 25, 2022, for activities associated with the Research Line “Discipline Matrix: subjects of knowledge and culture”, at ProPEd/Uerj. Prof. Borralho [&hellip;]</li></a><a href="https://curriculo-uerj.pro.br/en/atividades/research-and-development-in-testing-national-and-international-in-mathematics-education/"><li><div class="thumb" style="background-image: url(https://curriculo-uerj.pro.br/wp-content/uploads/capa-2.png);"></div><h3>RESEARCH AND DEVELOPMENT IN TESTING (NATIONAL AND INTERNATIONAL) IN MATHEMATICS EDUCATION</h3></li></a><a href="https://curriculo-uerj.pro.br/en/atividades/missao-capes-print-porto-barcelona/"><li><div class="thumb" style="background-image: url(https://curriculo-uerj.pro.br/wp-content/uploads/img-20220913-wa0057-300x225.jpg);"></div><h3>Capes PrInt Mission &#8211; Porto &#8211; Barcelona</h3>Prof. Alice Casimiro Lopes participated between September 5 and 16 in a Capes PrInt mission that included: research meeting with Prof. José Augusto Pacheco, at UMinho, Braga; research meeting with professors of Faculdade de Psicologia e Ciências da Educação da Universidade do Porto (Amélia Lopes, António Magalhães, Carlinda Leite, Fátima Pereira, Isabel Menezes e Preciosa [&hellip;]</li></a><a href="https://curriculo-uerj.pro.br/en/atividades/participacao-na-vi-iaacs-melbourne-university/"><li><div class="thumb" style="background-image: url(https://curriculo-uerj.pro.br/wp-content/uploads/IAACS-Melbourne-2018-2-300x200.jpg);"></div><h3>The 6th IAACS Conference, Melbourne, Australia</h3>In December 2018, the researchers Alice Casimiro Lopes, Elizabeth Macedo and Rita Frangella participated in research exchanges in the 6th IAACS at the University of Melbourne, Australia. In this opportunity, in addition to establishing partnerships with the Australian and North American researchers present at the conference &#8211; notably Bill Green, University of Melbourne, and Janet Miller, [&hellip;]</li></a><a href="https://curriculo-uerj.pro.br/en/atividades/prof-jason-glynos-universidade-de-essex-professor-visitante-no-brasil/"><li><div class="thumb" style="background-image: url(https://curriculo-uerj.pro.br/wp-content/uploads/whatsapp-image-2019-08-29-at-19-55-56-225x300.jpeg);"></div><h3>Prof. Jason Glynos, University of Essex, visiting scholar in Brazil, Capes PrInt ProPEd Uerj</h3>Prof. Jason Glynos, scholar of the Theory of discourse at the Department of Government of the University of Essex, was in Brazil between August 22nd and September 7, 2019, for activities at ProPEd/UERJ, along the line of research Curriculum: actors, knowledge and culture. Prof. Jason lectured and attended meetings with the researchers of the line, [&hellip;]</li></a><a href="https://curriculo-uerj.pro.br/en/atividades/missao-de-trabalho-inglaterra/"><li><div class="thumb" style="background-image: url(https://curriculo-uerj.pro.br/wp-content/uploads/Essex-England-2019-2-300x225.jpg);"></div><h3>Conference in Ideology and Discourse Analysis-CIDA, University of Essex, UK &#8211; Capes PrInt ProPEd Uerj</h3>Brazilian researcher: Veronica Borges Foreign researchers involved: David Howarth and Jason Glynos Visited University: Department of Government, University of Essex, Colchester, England Period: May 29 to June 05, 2019 Activities: participation in the Conference in Ideology and Discourse Analysis-CIDA/University of Essex, UK Research Meeting</li></a><a href="https://curriculo-uerj.pro.br/en/atividades/missao-de-trabalho-portugal/"><li><div class="thumb" style="background-image: url(https://curriculo-uerj.pro.br/wp-content/uploads/img_6256-300x225.jpg);"></div><h3>University of Porto and University of Lisbon &#8211; Capes PrInt ProPEd Uerj</h3>Brazilian researcher: Veronica Borges Foreign researchers involved: Carlinda Leite University visited: University of Porto, Portugal Period: June 11 to 14, 2019 Activities: research meetings at the University of Porto and the University of Lisbon</li></a><a href="https://curriculo-uerj.pro.br/en/atividades/missao-de-trabalho-irlanda/"><li><div class="thumb" style="background-image: url(https://curriculo-uerj.pro.br/wp-content/uploads/Evento-Irlanda-7-300x225.jpg);"></div><h3>Maynooth University by Faperj and Capes PrInt ProPEd Uerj</h3>Brazilian researcher: Veronica Borges Brazilian researchers partners: Viviane Peixoto (UERJ) and Hugo Costa (UFMT) University: Maynooth University/Ireland June 2019 &#8211; EuroACS Conference &#8211; Maynooth University/Ireland &nbsp; ABOUT US &#8211; EuroACS</li></a></ul><div class="clear"></div>
